{"id":114,"date":"2017-06-16T12:15:01","date_gmt":"2017-06-16T12:15:01","guid":{"rendered":"http:\/\/alexandrabosbeer.com\/foto\/?page_id=114"},"modified":"2023-12-27T10:24:21","modified_gmt":"2023-12-27T10:24:21","slug":"alexandra","status":"publish","type":"page","link":"http:\/\/alexandrabosbeer.com\/foto\/alexandra\/","title":{"rendered":"\u00dcber mich"},"content":{"rendered":"<p><img loading=\"lazy\" decoding=\"async\" class=\"alignright size-medium wp-image-115\" src=\"http:\/\/alexandrabosbeer.com\/foto\/wp-content\/uploads\/2017\/06\/mesaverde-097-300x225.jpg\" alt=\"Alexandra Bosbeer\" width=\"300\" height=\"225\" srcset=\"http:\/\/alexandrabosbeer.com\/foto\/wp-content\/uploads\/2017\/06\/mesaverde-097-300x225.jpg 300w, http:\/\/alexandrabosbeer.com\/foto\/wp-content\/uploads\/2017\/06\/mesaverde-097-768x576.jpg 768w, http:\/\/alexandrabosbeer.com\/foto\/wp-content\/uploads\/2017\/06\/mesaverde-097-1024x768.jpg 1024w, http:\/\/alexandrabosbeer.com\/foto\/wp-content\/uploads\/2017\/06\/mesaverde-097-973x730.jpg 973w, http:\/\/alexandrabosbeer.com\/foto\/wp-content\/uploads\/2017\/06\/mesaverde-097-508x381.jpg 508w\" sizes=\"auto, (max-width: 300px) 100vw, 300px\" \/>Als 12-j\u00e4hrige in den Niederlanden habe ich mein erstes Fotoapparat bekommen. Seitdem habe ich mein ganzes Leben lang fotografiert, zuerst analog, wobei ich selbst schwarz-wei\u00df Bilder entwickelte, und sp\u00e4ter digital. Die Themen meiner Ausstellungen umfassen Menschen und Natur in allerlei L\u00e4ndern der Welt.<\/p>\n<p>Ich bin in vielen L\u00e4ndern zuhause. W\u00e4hrend den letzten Jahren habe ich in Irland und Belgien gelebt. In Irland, als \u00d6kologin, habe ich viel im Wald und in Naturschutzgebieten fotografiert. In Br\u00fcssel habe ich Lobbyarbeit gemacht und Bilder von der Stadt und von den Menschen aufgenommen und ausgestellt. W\u00e4hrend den drei Jahren in Br\u00fcssel machte ich an der Kunstakademie Jean-Jacques Gailliard eine Keramikausbildung.<\/p>\n<p>Ich lebe seit fast acht Jahren in Deutschland. Ich bin jetzt technische Autorin die \u00fcber Kameras schriebt. Und mache auch Photo Shootings. Ich freue mich auf Sie!<\/p>\n<p>&nbsp;<\/p>\n\n\n<figure class=\"wp-block-image size-large\"><img loading=\"lazy\" decoding=\"async\" width=\"1024\" height=\"853\" src=\"http:\/\/alexandrabosbeer.com\/foto\/wp-content\/uploads\/2023\/12\/Sasha_Bosbeer_Photographer_2-1024x853.jpg\" alt=\"\" class=\"wp-image-508\" srcset=\"http:\/\/alexandrabosbeer.com\/foto\/wp-content\/uploads\/2023\/12\/Sasha_Bosbeer_Photographer_2-1024x853.jpg 1024w, http:\/\/alexandrabosbeer.com\/foto\/wp-content\/uploads\/2023\/12\/Sasha_Bosbeer_Photographer_2-300x250.jpg 300w, http:\/\/alexandrabosbeer.com\/foto\/wp-content\/uploads\/2023\/12\/Sasha_Bosbeer_Photographer_2-768x640.jpg 768w, http:\/\/alexandrabosbeer.com\/foto\/wp-content\/uploads\/2023\/12\/Sasha_Bosbeer_Photographer_2-973x811.jpg 973w, http:\/\/alexandrabosbeer.com\/foto\/wp-content\/uploads\/2023\/12\/Sasha_Bosbeer_Photographer_2-508x423.jpg 508w, http:\/\/alexandrabosbeer.com\/foto\/wp-content\/uploads\/2023\/12\/Sasha_Bosbeer_Photographer_2.jpg 1200w\" sizes=\"auto, (max-width: 1024px) 100vw, 1024px\" \/><\/figure>\n","protected":false},"excerpt":{"rendered":"<p>Als 12-j\u00e4hrige in den Niederlanden habe ich mein erstes Fotoapparat bekommen. Seitdem habe ich mein ganzes Leben lang fotografiert, zuerst analog, wobei ich selbst schwarz-wei\u00df Bilder entwickelte, und&#8230;<\/p>\n","protected":false},"author":1,"featured_media":0,"parent":0,"menu_order":0,"comment_status":"closed","ping_status":"closed","template":"","meta":{"ngg_post_thumbnail":0,"footnotes":""},"class_list":["post-114","page","type-page","status-publish","hentry"],"_links":{"self":[{"href":"http:\/\/alexandrabosbeer.com\/foto\/wp-json\/wp\/v2\/pages\/114","targetHints":{"allow":["GET"]}}],"collection":[{"href":"http:\/\/alexandrabosbeer.com\/foto\/wp-json\/wp\/v2\/pages"}],"about":[{"href":"http:\/\/alexandrabosbeer.com\/foto\/wp-json\/wp\/v2\/types\/page"}],"author":[{"embeddable":true,"href":"http:\/\/alexandrabosbeer.com\/foto\/wp-json\/wp\/v2\/users\/1"}],"replies":[{"embeddable":true,"href":"http:\/\/alexandrabosbeer.com\/foto\/wp-json\/wp\/v2\/comments?post=114"}],"version-history":[{"count":7,"href":"http:\/\/alexandrabosbeer.com\/foto\/wp-json\/wp\/v2\/pages\/114\/revisions"}],"predecessor-version":[{"id":510,"href":"http:\/\/alexandrabosbeer.com\/foto\/wp-json\/wp\/v2\/pages\/114\/revisions\/510"}],"wp:attachment":[{"href":"http:\/\/alexandrabosbeer.com\/foto\/wp-json\/wp\/v2\/media?parent=114"}],"curies":[{"name":"wp","href":"https:\/\/api.w.org\/{rel}","templated":true}]}}

Über mich

<p><img loading="lazy" decoding="async" class="alignright size-medium wp-image-115" src="http://alexandrabosbeer.com/foto/wp-content/uploads/2017/06/mesaverde-097-300x225.jpg" alt="Alexandra Bosbeer" width="300" height="225" srcset="http://alexandrabosbeer.com/foto/wp-content/uploads/2017/06/mesaverde-097-300x225.jpg 300w, http://alexandrabosbeer.com/foto/wp-content/uploads/2017/06/mesaverde-097-768x576.jpg 768w, http://alexandrabosbeer.com/foto/wp-content/uploads/2017/06/mesaverde-097-1024x768.jpg 1024w, http://alexandrabosbeer.com/foto/wp-content/uploads/2017/06/mesaverde-097-973x730.jpg 973w, http://alexandrabosbeer.com/foto/wp-content/uploads/2017/06/mesaverde-097-508x381.jpg 508w" sizes="auto, (max-width: 300px) 100vw, 300px" />Als 12-jährige in den Niederlanden habe ich mein erstes Fotoapparat bekommen. Seitdem habe ich mein ganzes Leben lang fotografiert, zuerst analog, wobei ich selbst schwarz-weiß Bilder entwickelte, und später digital. Die Themen meiner Ausstellungen umfassen Menschen und Natur in allerlei Ländern der Welt.</p>
<p>Ich bin in vielen Ländern zuhause. Während den letzten Jahren habe ich in Irland und Belgien gelebt. In Irland, als Ökologin, habe ich viel im Wald und in Naturschutzgebieten fotografiert. In Brüssel habe ich Lobbyarbeit gemacht und Bilder von der Stadt und von den Menschen aufgenommen und ausgestellt. Während den drei Jahren in Brüssel machte ich an der Kunstakademie Jean-Jacques Gailliard eine Keramikausbildung.</p>
<p>Ich lebe seit fast acht Jahren in Deutschland. Ich bin jetzt technische Autorin die über Kameras schriebt. Und mache auch Photo Shootings. Ich freue mich auf Sie!</p>
<p>&nbsp;</p>


<figure class="wp-block-image size-large"><img loading="lazy" decoding="async" width="1024" height="853" src="http://alexandrabosbeer.com/foto/wp-content/uploads/2023/12/Sasha_Bosbeer_Photographer_2-1024x853.jpg" alt="" class="wp-image-508" srcset="http://alexandrabosbeer.com/foto/wp-content/uploads/2023/12/Sasha_Bosbeer_Photographer_2-1024x853.jpg 1024w, http://alexandrabosbeer.com/foto/wp-content/uploads/2023/12/Sasha_Bosbeer_Photographer_2-300x250.jpg 300w, http://alexandrabosbeer.com/foto/wp-content/uploads/2023/12/Sasha_Bosbeer_Photographer_2-768x640.jpg 768w, http://alexandrabosbeer.com/foto/wp-content/uploads/2023/12/Sasha_Bosbeer_Photographer_2-973x811.jpg 973w, http://alexandrabosbeer.com/foto/wp-content/uploads/2023/12/Sasha_Bosbeer_Photographer_2-508x423.jpg 508w, http://alexandrabosbeer.com/foto/wp-content/uploads/2023/12/Sasha_Bosbeer_Photographer_2.jpg 1200w" sizes="auto, (max-width: 1024px) 100vw, 1024px" /></figure>

<p>Als 12-jährige in den Niederlanden habe ich mein erstes Fotoapparat bekommen. Seitdem habe ich mein ganzes Leben lang fotografiert, zuerst analog, wobei ich selbst schwarz-weiß Bilder entwickelte, und&#8230;</p>
